 of 132?
True
Is 103275 a multiple of 135?
True
Does 12 divide 1315944?
True
Is 583083 a multiple of 66?
False
Is 51 a factor of 168759?
True
Is 22060 a multiple of 20?
True
Is 214 a factor of 417594?
False
Does 29 divide 1110236?
True
Does 10 divide 336537?
False
Does 34 divide 54892?
False
Is 15 a factor of 864780?
True
Is 13 a factor of 196898?
True
Does 1910 divide 10371300?
True
Is 385620 a multiple of 218?
False
Does 70 divide 43816?
False
Does 166 divide 434090?
True
Is 21 a factor of 8659217?
False
Is 52 a factor of 420871?
False
Does 51 divide 41769?
True
Is 989451 a multiple of 51?
True
Is 141 a factor of 108852?
True
Is 3722826 a multiple of 138?
True
Is 806 a factor of 1786096?
True
Is 17 a factor of 395318?
True
Is 97 a factor of 28280?
False
Does 223 divide 14941?
True
Is 471 a factor of 2037754?
False
Is 193 a factor of 85306?
True
Is 170 a factor of 224060?
True
Does 69 divide 1017057?
False
Does 189 divide 2356578?
False
Is 338 a factor of 435843?
False
Is 163 a factor of 105916?
False
Does 966 divide 2842938?
True
Does 18 divide 57096?
True
Is 195 a factor of 5150763?
False
Is 177876 a multiple of 27?
True
Is 253650 a multiple of 10?
True
Is 582 a factor of 917232?
True
Is 220 a factor of 3844280?
True
Is 7 a factor of 40881?
False
Is 1637278 a multiple of 164?
False
Does 51 divide 9175257?
True
Does 320 divide 2253283?
False
Is 2 a factor of 78478?
True
Is 206790 a multiple of 226?
True
Is 61600 a multiple of 800?
True
Does 15 divide 739113?
False
Is 77 a factor of 10438043?
True
Does 7 divide 243903?
False
Is 2959626 a multiple of 318?
True
Is 2526 a multiple of 6?
True
Is 187 a factor of 1344732?
False
Is 6272 even?
True
Does 90 divide 450696?
False
Is 180283 a multiple of 13?
False
Does 238 divide 5446630?
True
Does 265 divide 163809?
False
Is 21 a factor of 31548?
False
Is 325 a factor of 239525?
True
Is 19 a factor of 974457?
False
Is 6 a factor of 514743?
False
Does 387 divide 90341?
False
Does 5 divide 356280?
True
Does 5 divide 1922930?
True
Is 6 a factor of 451702?
False
Is 17 a factor of 881834?
False
Does 1075 divide 3545102?
False
Is 2 a factor of 3749653?
False
Is 31275 a multiple of 9?
True
Does 7 divide 23912?
True
Is 6869012 a multiple of 11?
False
Is 4010 a multiple of 15?
False
Is 150 a factor of 71100?
True
Is 2617 a factor of 6832987?
True
Does 288 divide 167353?
False
Is 3661222 a multiple of 514?
True
Does 15 divide 105665?
False
Does 8 divide 2133567?
False
Does 96 divide 426821?
False
Is 2217228 a multiple of 233?
True
Does 26 divide 591404?
False
Is 125577 a multiple of 24?
False
Is 1180498 a multiple of 22?
True
Does 18 divide 1772131?
False
Is 4459 a multiple of 13?
True
Is 10 a factor of 883164?
False
Does 52 divide 589897?
False
Does 115 divide 5509832?
False
Is 12605737 a multiple of 394?
False
Is 169 a factor of 162240?
True
Is 4540 a multiple of 16?
False
Is 1987998 a multiple of 37?
False
Does 19 divide 3670796?
False
Does 5 divide 1347585?
True
Does 139 divide 277583?
True
Is 6419574 a multiple of 37?
True
Is 90250 a multiple of 95?
True
Does 9 divide 838998?
True
Is 870066 a multiple of 274?
False
Is 14 a factor of 5003922?
True
Is 9 a factor of 49083?
False
Does 4 divide 2984380?
True
Is 456 a factor of 174192?
True
Is 24 a factor of 38997?
False
Is 68 a factor of 8317978?
False
Does 172 divide 160374?
False
Is 5 a factor of 1052855?
True
Is 52 a factor of 624416?
True
Is 74 a factor of 472194?
True
Is 8220388 a multiple of 76?
True
Is 448530 a multiple of 32?
False
Is 165042 a multiple of 8?
False
Is 13 a factor of 521186?
False
Is 34 a factor of 450543?
False
Does 6 divide 944331?
False
Does 166 divide 527634?
False
Is 110898 a multiple of 134?
False
Is 41 a factor of 309580?
False
Is 162540 a multiple of 140?
True
Is 219 a factor of 6830172?
True
Is 1192712 a multiple of 29?
True
Is 705 a factor of 6104112?
False
Is 332 a factor of 495344?
True
Is 26 a factor of 70434?
True
Is 497870 a multiple of 8?
False
Is 5312616 a multiple of 1563?
False
Is 138 a factor of 418680?
False
Is 5072320 a multiple of 605?
True
Does 88 divide 21669422?
False
Is 664 a factor of 4517856?
True
Is 613 a factor of 318147?
True
Does 257 divide 35153?
False
Does 1274 divide 3229929?
False
Is 2487978 a multiple of 22?
False
Is 10753400 a multiple of 20?
True
Is 284899 a multiple of 3?
False
Is 209 a factor of 22990?
True
Is 351096 a multiple of 6?
True
Is 1148 a factor of 8533084?
True
Is 1307366 a multiple of 586?
True
Does 106 divide 8308598?
True
Is 10 a factor of 160370?
True
Does 24 divide 427104?
True
Does 82 divide 163153?
False
Is 7925750 a multiple of 8?
False
Is 31 a factor of 1084524?
False
Is 650 a factor of 2722850?
True
Does 53 divide 191012?
True
Is 29 a factor of 920263?
False
Does 21 divide 100511?
False
Does 17 divide 123998?
True
Does 25 divide 214108?
False
Is 45448 a multiple of 40?
False
Is 120359 a multiple of 2?
False
Is 11 a factor of 2699833?
False
Is 74 a factor of 691678?
True
Is 264024 a multiple of 38?
True
Is 113 a factor of 3808362?
False
Is 494970 a multiple of 105?
True
Does 56 divide 49186?
False
Does 12 divide 12948060?
True
Is 6839124 a multiple of 145?
False
Is 160077 a multiple of 9?
False
Is 102 a factor of 923604?
False
Is 3 a factor of 2496819?
True
Is 457 a factor of 8681631?
False
Does 13 divide 9990747?
True
Does 41 divide 20712?
False
Does 62 divide 140368?
True
Is 298 a factor of 654770?
False
Is 95 a factor of 2690210?
True
Is 670718 a multiple of 169?
False
Is 167146 a multiple of 36?
False
Is 42 a factor of 467964?
True
Does 9 divide 1563381?
True
Is 71 a factor of 416344?
True
Is 13 a factor of 713760?
False
Is 963252 a multiple of 12?
True
Is 382 a factor of 9704065?
False
Does 34 divide 3251046?
True
Is 955952 a multiple of 3?
False
Is 26 a factor of 32019052?
True
Does 10 divide 958039?
False
Is 150144 a multiple of 34?
True
Is 31 a factor of 142258?
False
Is 10 a factor of 59700?
True
Does 67 divide 365552?
True
Is 1070 a factor of 1251900?
True
Does 26 divide 4508891?
False
Is 25 a factor of 62975?
True
Is 12 a factor of 1212841?
False
Is 590872 a multiple of 271?
False
Is 28624 even?
True
Does 94 divide 49388?
False
Is 206514 a multiple of 22?
True
Is 754604 a multiple of 722?
False
Is 894060 a multiple of 385?
False
Is 724590 a multiple of 7?
False
Is 4111218 a multiple of 666?
True
Does 17 divide 298367?
True
Does 42 divide 30571?
False
Does 1579 divide 1846517?
False
Does 20 divide 1483060?
True
Is 123540 a multiple of 355?
True
Does 133 divide 807753?
False
Does 52 divide 421639?
False
Is 9683388 a multiple of 1452?
True
Is 496800 a multiple of 45?
True
Does 4 divide 37982?
False
Does 2 divide 32642?
True
Is 25309 a multiple of 102?
False
Does 559 divide 798252?
True
Is 27171520 a multiple of 608?
True
Does 66 divide 12967568?
False
Is 12013025 a multiple of 25?
True
Is 1832734 a multiple of 13?
False
Is 85 a factor of 6003729?
False
Does 21 divide 152967?
False
Is 6 a factor of 171412?
False
Is 6813489 a multiple of 667?
False
Is 722024 a multiple of 11?
False
Is 17 a factor of 2342209?
True
Is 4197545 a multiple of 55?
True
Is 19 a factor of 165776?
False
Is 50 a factor of 209155?
False
Is 74256 a multiple of 91?
True
Does 5 divide 843030?
True
Does 15 divide 8723?
False
Is 6800934 a multiple of 579?
True
Is 478500 a multiple of 375?
True
Does 27 divide 1361664?
True
Does 67 divide 46401?
False
Does 27 divide 280935?
True
Is 2 a factor of 100331?
False
Is 359238 a multiple of 66?
True
Is 505323 a multiple of 39?
True
Does 122 divide 590846?
True
Does 19 divide 562933?
False
Is 2109417 a multiple of 3?
True
Does 37 divide 99160?
True
Is 27 a factor of 9126?
True
Is 409 a factor of 10561415?
False
Is 6 a factor of 404868?
True
Is 668814 a multiple of 118?
False
Is 17502 a multiple of 85?
False
Does 47 divide 317814?
True
Is 107 a factor of 7891409?
False
Is 73967 a multiple of 171?
False
Is 706136 a multiple of 488?
True
Does 33 divide 6131066?
False
Is 2653471 a multiple of 98?
False
Is 2406007 a multiple of 61?
False
Is 489288 a multiple of 87?
True
Is 27 a factor of 731970?
True
Does 215 divide 234350?
True
Does 3 divide 13542?
True
Does 359 divide 160473?
True
Is 21662 a multiple of 17?
False
Is 384426 a multiple of 7?
True
Is 2670619 a multipl